git of (-30)/b - 125*-1?
1
Suppose 9*u = 6*u - 9. Let n(m) = -2*m**2 + m - 1. Let b be n(u). Let v = b + 32. What is the units digit of v?
0
Let c be ((-74)/4)/(2/(-12)). Suppose -2*i - 5*p + c = 0, -p = -0*i + 5*i - 289. What is the units digit of i?
8
Let d be 10/(8/(16/4)). Suppose -2*q + 3*q - d = 0. Let k(y) = -y**3 + 5*y**2 + 5*y + 4. What is the tens digit of k(q)?
2
Suppose 51 = 5*c + 16. Let k = 5 - c. What is the tens digit of (-6)/(-18)*(-210)/k?
3
Suppose i + 5*t = 2*t + 21, 3*i = -2*t + 42. Suppose -m + i = -8. Suppose 4*u = -u + m. What is the units digit of u?
4
Suppose -104 = 3*n + 73. Let h be ((-328)/10)/((-26)/65). Let m = h + n. What is the units digit of m?
3
Let h = -468 + 1507. What is the units digit of h?
9
What is the tens digit of (-12105)/(-25) + 8/10?
8
Suppose 6 + 4 = 5*b. Suppose -3*z - 210 = 3*j, 3 + b = -5*j. Let t = z + 116. What is the tens digit of t?
4
Let p = -26 - -81. Let n = -24 + p. What is the tens digit of n?
3
Suppose -q + 4*z = -30, -z - 51 = -3*q - 16. Let g be 1*-2*255/q. Let a = g + 82. What is the tens digit of a?
3
Let x(j) = -j**3 - 11*j**2 + 5*j - 17. Let s be x(-12). Suppose 64*w + 264 = s*w. What is the units digit of w?
8
Let o = 2542 - 1014. What is the hundreds digit of o?
5
Suppose j = 4*f + 297, j + 2*f = 42 + 225. What is the hundreds digit of j?
2
Let o be (-12)/15 + 174/5. Let h = 59 - o. What is the tens digit of h?
2
Suppose 5*x + 3 = -7, 5*o = -4*x + 47. Let j = o - 7. What is the units digit of (-162)/(-15) - j/(-20)?
1
Let a = -580 - -341. Let k = -69 - a. Suppose -6*r = -r - k. What is the units digit of r?
4
Let j be 0/(-3) + 0 + 1. Let q(p) = p**2 + 2*p - 1. Let h be q(j). Suppose h = f - 6. What is the units digit of f?
8
Suppose 2*t + 15 = n - 0*n, 4*t + 4*n = -48. Suppose 0*j + 3*j - 54 = 0. Let p = j + t. What is the units digit of p?
9
Suppose -3*g = -5*v - 5*g - 41, -11 = 2*v - g. Let n(d) = -4 + 11*d**2 - 5*d - 4*d**2 - 5 + d**3. What is the units digit of n(v)?
6
Suppose -4*u + 0*u - 24 = 2*j, 0 = u - 4*j + 6. Let q be -2*(-1 - 27/u). What is the units digit of ((-11)/2)/(q/28)?
2
Let y(z) = -5*z**2 + 6*z - 21. Let g be y(6). Let n = -78 - g. What is the tens digit of n?
8
Let b be ((-13 - -1) + -3)*(-55)/15. Let i = b + 19. What is the units digit of i?
4
Let z be (-2)/(-4) - (5 + (-10)/4). Let t = 5 + 21. What is the tens digit of z/4 - (-507)/t?
1
Let i(b) = -32*b - 7. Let g(q) = 4*q + 8. Let w be g(-4). What is the units digit of i(w)?
9
Let x be (-253)/(-3) + 30/45. What is the units digit of (-854)/(-34) - 10/x?
5
Suppose 5*o - 6 = 2*o. Suppose -3*u = -o*w + 2, 2*w + 14 = -4*u + 44. What is the units digit of w?
7
Let j = 13 + -13. Suppose p - 4*p + 24 = j. Suppose 0 = -d + 3*d - p. What is the units digit of d?
4
Suppose -3*a - 392 + 1351 = x, x = a - 325. What is the tens digit of a?
2
Suppose 2*b + 170 = -5*r - 36, -2*b - r - 190 = 0. Suppose -l + 0*l = 66. Let x = l - b. What is the units digit of x?
7
Suppose 2*x + 4*r = 68, 3*r - r - 8 = 0. Suppose 2*y + 2*y - 12 = 0. Suppose -w + x = y. What is the units digit of w?
3
Suppose 1102 = 3*p + 5*g, -3*p - 9*g + 1087 = -7*g. What is the hundreds digit of p?
3
Suppose -3*h - 3660 - 1485 = 0. Let s be h/(-63) - (-4)/(-18). What is the units digit of (-39)/(3 + s/(-6))?
6
Suppose r + 4*f - 1382 = 0, 2*r - 3*f = -2*r + 5433. What is the tens digit of r?
6
Suppose -3*i - 1976 = -4*a, -2*a + 0*i - 3*i + 970 = 0. Suppose -3*d + z = d - a, -5*z = -5. What is the hundreds digit of d?
1
Let q = 5 + -5. Suppose q*l + 9 = 3*l. Suppose -3*a = 3*z - 6, -l*z + 0*z + 4*a + 20 = 0. What is the units digit of z?
4
Let n(t) = -t**2 - 2*t - 4. Let p be n(0). Let i(g) = -16*g + 18. What is the tens digit of i(p)?
8
Suppose 5 = 3*j - 2*j. Suppose 0 = j*c - 69 - 16. Suppose -77 + c = -3*w. What is the tens digit of w?
2
Let q = 455 + -19. What is the tens digit of q?
3
Suppose 5*t = 5 + 20. Suppose -4*d - t*h - 53 = -428, 0 = -3*h - 3. Let p = -37 + d. What is the units digit of p?
8
Suppose 6 + 0 = -a. Let r(o) = o**2 + 3*o - 4. What is the units digit of r(a)?
4
Suppose 0 = 3*p + 3, 0 = i + 3*i - 3*p - 15. Let c = -102 - -105. Suppose -3 = -c*t + 3*h, 3*t + 3 = -i*h + 6. What is the units digit of t?
1
Let q = -2906 + 7112. What is the units digit of q?
6
Suppose 0 = -2*i + i. Suppose -3*s - s + 20 = i, -5*a + 3*s = -85. Let o = a + -9. What is the tens digit of o?
1
Let f = -18 - -21. Suppose r - 56 = -f*r. What is the units digit of r?
4
Let j(i) = -13*i + 307. What is the units digit of j(-8)?
1
Let a(g) = 2*g. Let q be a(4). Let i = 29 + q. Let f = -8 + i. What is the units digit of f?
9
Let a(b) = -44*b + 12. Let l(j) = 45*j - 12. Let d(v) = 4*a(v) + 3*l(v). What is the units digit of d(-4)?
6
Suppose -3*b = 2*d + 39, 39 = -3*b + 6*d - d. Let n = -9 - b. Suppose 2*a + 33 - 11 = 2*t, 3*t - n*a - 38 = 0. What is the units digit of t?
6
Let b(l) = -435*l + 39. What is the tens digit of b(-3)?
4
Let n = 26 + -26. Suppose n = 3*q + 15, 0 = -3*d - 0*d - 2*q + 2. Suppose 0 = -d*p - p + 150. What is the tens digit of p?
3
Let n(a) = -a**3 + 14*a**2 - 6*a - 9. Let o be (-2)/7 + (-390)/(-42). Let z be n(o). Suppose q - 7*q = -z. What is the units digit of q?
7
Let q = 68 + -62. What is the units digit of (((-8)/q)/(-2))/(2/18)?
6
Let w(d) be the second derivative of -d**5/20 + d**4/12 - d**3/3 + 49*d**2/2 - 10*d. What is the tens digit of w(0)?
4
Let s(u) = -2*u**2 + 16*u + 10. Let w(p) = -2*p**2 + 15*p + 10. Let o(i) = 5*s(i) - 6*w(i). Suppose 11*b - 14*b + 27 = 0. What is the units digit of o(b)?
2
Let s(h) = h + 3. Let m be s(-1). Suppose -d = -m*d + 72. What is the tens digit of d?
7
Suppose 0 = -5*f + x + 5, -4*x + 24 = 2*f - 0*f. Suppose 4*y = 2*r - 66, f*r - 68 = 2*y - 0*y. What is the units digit of r?
5
What is the hundreds digit of (-7093)/(-15) - (-6)/45?
4
Let x = -1317 + 1999. What is the tens digit of x?
8
Let p = 14 - 11. Suppose 11*u = 6*u - p*s + 500, 209 = 2*u + 3*s. What is the units digit of u?
7
Let v(f) = -9*f**3 - 2*f**2 - f - 1. Suppose 16*x + 2 = 15*x. What is the units digit of v(x)?
5
Suppose -5*b + 4*b = -5*g - 14, -3*g - 9 = 0. What is the units digit of 165*b*(-3 + 2)?
5
Suppose -39*n + 32512 = -7*n. What is the units digit of n?
6
Let s = 8459 + -5865. What is the tens digit of s?
9
Suppose 0*t + 7*t - 3045 = 0. Let s = t + -288. What is the tens digit of s?
4
Let x = 13 + -3. Let m(w) = w - 6. Let k be m(x). Suppose y - 125 = -k*y. What is the units digit of y?
5
Let m(b) = -b**3 + 11*b**2 - 10*b + 2. Let n be m(10). Suppose 5*x - 542 = -2*v, -3 - 5 = n*v. What is the hundreds digit of x?
1
Suppose -s - 4*z = -5*s + 252, -5 = -5*z. Suppose 3*d = 98 + s. What is the tens digit of d?
5
What is the units digit of 4212/(6 - 0) - 0?
2
Suppose 14*z + 5*r - 5616 = 12*z, 4*r - 16 = 0. What is the thousands digit of z?
2
Let h(v) = v**3 + 12*v**2 + 4*v + 5. Let z be h(-12). Let f = z - -185. What is the hundreds digit of f?
1
Let a(y) = -y**3 - 4*y**2 + 5. Let i be a(-4). Suppose i*u + 3*g - 220 = -2*g, -3*u = -g - 128. What is the tens digit of u?
4
Suppose -a - 98 = -o + 350, -3*o = -a - 1344. What is the tens digit of o?
4
Let g be (-6)/(-3)*(365/(-2) - 2). What is the units digit of g/(-15) - (-2)/5?
5
Let s(f) = 33*f**2 + 2*f. Let d be s(-2). Suppose 0 = k + 4*i + 50, 4*k - 4*i + d = -2*i. Let y = -6 - k. What is the units digit of y?
8
Let r(a) = 10*a**3 - a**2 + 7*a - 3. Let z = 108 + -106. What is the units digit of r(z)?
7
Suppose -251*w + 260*w = 585. What is the tens digit of w?
6
Let v(f) be the third derivative of f**5/60 + f**4/12 + 4*f**3/3 + 9*f**2. What is the units digit of v(-8)?
6
Let h(n) = n**3 - 3*n**2 + n + 2. Let g be h(2). Suppose -m - 3 = g, v + 0*m - 45 = -3*m. What is the tens digit of v?
5
Let f(j) = 5*j + 4. Let b(d) = 2*d + 8. Let p be b(0). Suppose -p - 7 = -3*h. What is the units digit of f(h)?
9
Let j = -104 - -167. Let v = j - -99. What is the hundreds digit of v?
1
Let i(k) = -k**2 - 4*k - 3. Let l be i(-3). Suppose -470*o - 10 = -472*o. Suppose l = -o*p - 4 + 49. What is the units digit of p?
9
Suppose 0 = -3*w + 5*w + 210. Let r = w + 185. What is the units digit of r?
0
Suppose -d + 0*d = -2. Suppose -h = -d*h + 3. Suppose -8 + 23 = -h*b, -5*p = -2*b - 30. What is the